{"id":31,"date":"2018-02-05T18:55:55","date_gmt":"2018-02-05T17:55:55","guid":{"rendered":"http:\/\/clos-saintpaterne.com\/?page_id=31"},"modified":"2025-05-07T17:28:12","modified_gmt":"2025-05-07T15:28:12","slug":"le-clos","status":"publish","type":"page","link":"https:\/\/clos-saintpaterne.com\/","title":{"rendered":"Le Clos"},"content":{"rendered":"<p><a href=\"http:\/\/clos-saintpaterne.com\/wp-content\/uploads\/2019\/07\/le-clos_01197_rd.jpg\" target=\"_blank\" rel=\"noopener noreferrer\"><img loading=\"lazy\" class=\"alignleft wp-image-922 size-medium\" src=\"http:\/\/clos-saintpaterne.com\/wp-content\/uploads\/2019\/07\/le-clos_01197_rd-225x300.jpg\" alt=\"\" width=\"225\" height=\"300\" srcset=\"https:\/\/clos-saintpaterne.com\/wp-content\/uploads\/2019\/07\/le-clos_01197_rd-225x300.jpg 225w, https:\/\/clos-saintpaterne.com\/wp-content\/uploads\/2019\/07\/le-clos_01197_rd-768x1024.jpg 768w, https:\/\/clos-saintpaterne.com\/wp-content\/uploads\/2019\/07\/le-clos_01197_rd.jpg 808w\" sizes=\"(max-width: 225px) 100vw, 225px\" \/><\/a>Une demeure caract\u00e9ristique du patrimoine local, b\u00e2tie en 1810 \u00e0 deux pas de l\u2019\u00e9glise romane Saint Paterne, et agr\u00e9ablement situ\u00e9e sur l&rsquo;ancienne route royale de Paris au Mans, rappel\u00e9e par les bornes fleurdelys\u00e9es.<\/p>\n<p style=\"text-align: justify;\">La Voie Verte qui borde la propri\u00e9t\u00e9 est am\u00e9nag\u00e9e sur\u00a0<span style=\"font-size: 1rem;\">l&rsquo;ancienne<\/span><span style=\"font-size: 1rem;\">\u00a0ligne de chemin de fer qui reliait autrefois Alen\u00e7on \u00e0 Cond\u00e9-sur-Huisne sur plus de 60 km. Elle constitue aujourd\u2019hui un tron\u00e7on de la <a href=\"https:\/\/www.veloscenie.com\/itineraire\/remalard-mortagne-au-perche\" target=\"_blank\" rel=\"noopener noreferrer\">V\u00e9losc\u00e9nie<\/a> qui relie Paris au Mont-Saint Michel, et vous permet de pratiquer la marche ou le cyclisme en toute tranquillit\u00e9.<\/span><\/p>\n<p style=\"text-align: justify;\">A 15 minutes \u00e0 pied, le bourg de R\u00e9malard \u00e9tag\u00e9 sur sa colline, m\u00e9rite un petit d\u00e9tour : des commerces de proximit\u00e9 vari\u00e9s, l\u2019\u00e9glise Saint Germain,\u00a0 un office de tourisme, un jardin remarquable, une boutique de d\u00e9co, une brocante,\u00a0 une librairie, un spa, des cours de tennis, et m\u00eame un cin\u00e9-club !<\/p>\n<p>Des itin\u00e9raires sont \u00e0 votre disposition pour parcourir les environs sur les petites routes tranquilles, \u00e0 v\u00e9lo sur des circuits balis\u00e9s, ou \u00e0 pied gr\u00e2ce aux randonn\u00e9es fl\u00e9ch\u00e9es.<\/p>\n<p><a href=\"https:\/\/www.gites-de-france-orne.com\/fiche-G761.html?ORI=webprop&amp;OPE=webprop\" target=\"_blank\" rel=\"noopener noreferrer\">\u00a0 <\/a><a href=\"https:\/\/www.gites-de-france-orne.com\/Gite-rural\/Barnes-Valerie-a-Remalard-En-Perche-dans-Le-Perche-G761.html\" target=\"_blank\" rel=\"noopener noreferrer\"><img loading=\"lazy\" class=\"alignnone wp-image-1167\" src=\"http:\/\/clos-saintpaterne.com\/wp-content\/uploads\/2020\/02\/Logo_gdf-2019-avec-epis-150x150.jpg\" alt=\"\" width=\"110\" height=\"110\" srcset=\"https:\/\/clos-saintpaterne.com\/wp-content\/uploads\/2020\/02\/Logo_gdf-2019-avec-epis-150x150.jpg 150w, https:\/\/clos-saintpaterne.com\/wp-content\/uploads\/2020\/02\/Logo_gdf-2019-avec-epis-300x300.jpg 300w, https:\/\/clos-saintpaterne.com\/wp-content\/uploads\/2020\/02\/Logo_gdf-2019-avec-epis-100x100.jpg 100w, https:\/\/clos-saintpaterne.com\/wp-content\/uploads\/2020\/02\/Logo_gdf-2019-avec-epis.jpg 540w\" sizes=\"(max-width: 110px) 100vw, 110px\" \/><\/a>\u00a0 \u00a0 \u00a0 <a href=\"http:\/\/www.parc-naturel-perche.fr\/ou-dormir-0\/gites-et-meubles\/gite-le-clos-saint-paterne-2246992\" target=\"_blank\" rel=\"noopener noreferrer\">\u00a0\u00a0<\/a>\u00a0 \u00a0 \u00a0 \u00a0\u00a0 \u00a0 \u00a0 \u00a0 <a href=\"http:\/\/clos-saintpaterne.com\/wp-content\/uploads\/2020\/03\/meublesclassement.png\"><img loading=\"lazy\" class=\"alignnone wp-image-1310\" src=\"http:\/\/clos-saintpaterne.com\/wp-content\/uploads\/2020\/03\/meublesclassement-150x150.png\" alt=\"\" width=\"110\" height=\"110\" srcset=\"https:\/\/clos-saintpaterne.com\/wp-content\/uploads\/2020\/03\/meublesclassement-150x150.png 150w, https:\/\/clos-saintpaterne.com\/wp-content\/uploads\/2020\/03\/meublesclassement-300x300.png 300w, https:\/\/clos-saintpaterne.com\/wp-content\/uploads\/2020\/03\/meublesclassement-100x100.png 100w, https:\/\/clos-saintpaterne.com\/wp-content\/uploads\/2020\/03\/meublesclassement.png 463w\" sizes=\"(max-width: 110px) 100vw, 110px\" \/><\/a><a href=\"https:\/\/www.instagram.com\/leclossaintpaterne\/?hl=fr\" target=\"_blank\" rel=\"noopener noreferrer\"><img loading=\"lazy\" class=\"alignright wp-image-1319\" src=\"http:\/\/clos-saintpaterne.com\/wp-content\/uploads\/2020\/11\/Instagram_logo_2016.svg_-150x150.png\" alt=\"\" width=\"110\" height=\"110\" srcset=\"https:\/\/clos-saintpaterne.com\/wp-content\/uploads\/2020\/11\/Instagram_logo_2016.svg_-150x150.png 150w, https:\/\/clos-saintpaterne.com\/wp-content\/uploads\/2020\/11\/Instagram_logo_2016.svg_-100x100.png 100w, https:\/\/clos-saintpaterne.com\/wp-content\/uploads\/2020\/11\/Instagram_logo_2016.svg_.png 220w\" sizes=\"(max-width: 110px) 100vw, 110px\" \/><\/a><\/p>\n<p>\u00a0<\/p>\n\n\n<p><\/p>\n","protected":false},"excerpt":{"rendered":"<p>Une demeure caract\u00e9ristique du patrimoine local, b\u00e2tie en 1810 \u00e0 deux pas de l\u2019\u00e9glise romane Saint Paterne, et agr\u00e9ablement situ\u00e9e sur l&rsquo;ancienne route royale de Paris au Mans, rappel\u00e9e par les bornes fleurdelys\u00e9es. La Voie Verte qui borde la propri\u00e9t\u00e9 est am\u00e9nag\u00e9e sur\u00a0l&rsquo;ancienne\u00a0ligne de chemin de fer qui reliait autrefois Alen\u00e7on \u00e0 Cond\u00e9-sur-Huisne sur plus &hellip; <\/p>\n<p class=\"link-more\"><a href=\"https:\/\/clos-saintpaterne.com\/\" class=\"more-link\">Continuer la lecture<span class=\"screen-reader-text\"> de &laquo;&nbsp;Le Clos&nbsp;&raquo;<\/span><\/a><\/p>\n","protected":false},"author":1,"featured_media":0,"parent":0,"menu_order":0,"comment_status":"closed","ping_status":"closed","template":"","meta":[],"_links":{"self":[{"href":"https:\/\/clos-saintpaterne.com\/index.php\/wp-json\/wp\/v2\/pages\/31"}],"collection":[{"href":"https:\/\/clos-saintpaterne.com\/index.php\/wp-json\/wp\/v2\/pages"}],"about":[{"href":"https:\/\/clos-saintpaterne.com\/index.php\/wp-json\/wp\/v2\/types\/page"}],"author":[{"embeddable":true,"href":"https:\/\/clos-saintpaterne.com\/index.php\/wp-json\/wp\/v2\/users\/1"}],"replies":[{"embeddable":true,"href":"https:\/\/clos-saintpaterne.com\/index.php\/wp-json\/wp\/v2\/comments?post=31"}],"version-history":[{"count":71,"href":"https:\/\/clos-saintpaterne.com\/index.php\/wp-json\/wp\/v2\/pages\/31\/revisions"}],"predecessor-version":[{"id":1417,"href":"https:\/\/clos-saintpaterne.com\/index.php\/wp-json\/wp\/v2\/pages\/31\/revisions\/1417"}],"wp:attachment":[{"href":"https:\/\/clos-saintpaterne.com\/index.php\/wp-json\/wp\/v2\/media?parent=31"}],"curies":[{"name":"wp","href":"https:\/\/api.w.org\/{rel}","templated":true}]}}