{"id":77,"date":"2019-03-15T01:06:27","date_gmt":"2019-03-15T00:06:27","guid":{"rendered":"http:\/\/clos-saintpaterne.com\/?page_id=77"},"modified":"2024-06-05T13:48:59","modified_gmt":"2024-06-05T11:48:59","slug":"culture-et-divertissements","status":"publish","type":"page","link":"https:\/\/clos-saintpaterne.com\/index.php\/culture-et-divertissements\/","title":{"rendered":"Culture et divertissements"},"content":{"rendered":"<p><em>Dans un rayon de 5 \u00e0 15km \/ Within a range of 5 to 15km&#8230;<\/em><\/p>\n<div id='gallery-1' class='gallery galleryid-77 gallery-columns-6 gallery-size-thumbnail'><figure class='gallery-item'>\n\t\t\t<div class='gallery-icon landscape'>\n\t\t\t\t<img width=\"150\" height=\"150\" src=\"https:\/\/clos-saintpaterne.com\/wp-content\/uploads\/2019\/05\/brocante-150x150.jpg\" class=\"attachment-thumbnail size-thumbnail\" alt=\"\" loading=\"lazy\" srcset=\"https:\/\/clos-saintpaterne.com\/wp-content\/uploads\/2019\/05\/brocante-150x150.jpg 150w, https:\/\/clos-saintpaterne.com\/wp-content\/uploads\/2019\/05\/brocante-100x100.jpg 100w\" sizes=\"100vw\" \/>\n\t\t\t<\/div><\/figure><figure class='gallery-item'>\n\t\t\t<div class='gallery-icon landscape'>\n\t\t\t\t<img width=\"150\" height=\"150\" src=\"https:\/\/clos-saintpaterne.com\/wp-content\/uploads\/2019\/05\/bellou-egilse-150x150.jpg\" class=\"attachment-thumbnail size-thumbnail\" alt=\"\" loading=\"lazy\" srcset=\"https:\/\/clos-saintpaterne.com\/wp-content\/uploads\/2019\/05\/bellou-egilse-150x150.jpg 150w, https:\/\/clos-saintpaterne.com\/wp-content\/uploads\/2019\/05\/bellou-egilse-100x100.jpg 100w\" sizes=\"100vw\" \/>\n\t\t\t<\/div><\/figure><figure class='gallery-item'>\n\t\t\t<div class='gallery-icon portrait'>\n\t\t\t\t<img width=\"150\" height=\"150\" src=\"https:\/\/clos-saintpaterne.com\/wp-content\/uploads\/2019\/05\/moutiers-150x150.jpg\" class=\"attachment-thumbnail size-thumbnail\" alt=\"\" loading=\"lazy\" srcset=\"https:\/\/clos-saintpaterne.com\/wp-content\/uploads\/2019\/05\/moutiers-150x150.jpg 150w, https:\/\/clos-saintpaterne.com\/wp-content\/uploads\/2019\/05\/moutiers-298x300.jpg 298w, https:\/\/clos-saintpaterne.com\/wp-content\/uploads\/2019\/05\/moutiers-768x774.jpg 768w, https:\/\/clos-saintpaterne.com\/wp-content\/uploads\/2019\/05\/moutiers-1016x1024.jpg 1016w, https:\/\/clos-saintpaterne.com\/wp-content\/uploads\/2019\/05\/moutiers-100x100.jpg 100w\" sizes=\"100vw\" \/>\n\t\t\t<\/div><\/figure><figure class='gallery-item'>\n\t\t\t<div class='gallery-icon landscape'>\n\t\t\t\t<img width=\"150\" height=\"150\" src=\"https:\/\/clos-saintpaterne.com\/wp-content\/uploads\/2019\/05\/jardin-150x150.jpg\" class=\"attachment-thumbnail size-thumbnail\" alt=\"\" loading=\"lazy\" srcset=\"https:\/\/clos-saintpaterne.com\/wp-content\/uploads\/2019\/05\/jardin-150x150.jpg 150w, https:\/\/clos-saintpaterne.com\/wp-content\/uploads\/2019\/05\/jardin-100x100.jpg 100w, https:\/\/clos-saintpaterne.com\/wp-content\/uploads\/2019\/05\/jardin.jpg 225w\" sizes=\"100vw\" \/>\n\t\t\t<\/div><\/figure><figure class='gallery-item'>\n\t\t\t<div class='gallery-icon portrait'>\n\t\t\t\t<img width=\"150\" height=\"150\" src=\"https:\/\/clos-saintpaterne.com\/wp-content\/uploads\/2019\/05\/manoir-Lormarin-150x150.jpg\" class=\"attachment-thumbnail size-thumbnail\" alt=\"\" loading=\"lazy\" srcset=\"https:\/\/clos-saintpaterne.com\/wp-content\/uploads\/2019\/05\/manoir-Lormarin-150x150.jpg 150w, https:\/\/clos-saintpaterne.com\/wp-content\/uploads\/2019\/05\/manoir-Lormarin-298x300.jpg 298w, https:\/\/clos-saintpaterne.com\/wp-content\/uploads\/2019\/05\/manoir-Lormarin-100x100.jpg 100w, https:\/\/clos-saintpaterne.com\/wp-content\/uploads\/2019\/05\/manoir-Lormarin.jpg 336w\" sizes=\"100vw\" \/>\n\t\t\t<\/div><\/figure><figure class='gallery-item'>\n\t\t\t<div class='gallery-icon landscape'>\n\t\t\t\t<img width=\"150\" height=\"150\" src=\"https:\/\/clos-saintpaterne.com\/wp-content\/uploads\/2019\/05\/bistrot-2-carr\u00e9-150x150.jpg\" class=\"attachment-thumbnail size-thumbnail\" alt=\"\" loading=\"lazy\" srcset=\"https:\/\/clos-saintpaterne.com\/wp-content\/uploads\/2019\/05\/bistrot-2-carr\u00e9-150x150.jpg 150w, https:\/\/clos-saintpaterne.com\/wp-content\/uploads\/2019\/05\/bistrot-2-carr\u00e9-100x100.jpg 100w\" sizes=\"100vw\" \/>\n\t\t\t<\/div><\/figure>\n\t\t<\/div>\n\n<p><strong>Brocantes, Antiquaires<\/strong><br \/>La Route des Brocanteurs \u00e0 Nogent le Rotrou (RN23), Brocantes et Antiquit\u00e9s \u00e0 Mortagne au Perche, Boutiques d\u00e9co et Artisanat d&rsquo;Art \u00e0 Bell\u00eame, Galerie et Brocante au Manoir de Lormarin \u00e0 Noc\u00e9<\/p>\n<p><strong>Ch\u00e2teaux et Parcs<\/strong><br \/>Ch\u00e2teau des Comtes du Perche \u00e0 Nogent le Rotrou (mus\u00e9e), Ch\u00e2teau de Maison-Maugis, Ch\u00e2teau du Tertre \u00e0 S\u00e9rigny, Ch\u00e2teau de Villeray \u00e0 Sablons sur Huisne priv\u00e9s, \u00e0 voir de l&rsquo;ext\u00e9rieur<\/p>\n<p><strong>Cit\u00e9s\/villages pittoresques<\/strong><br \/>Mortagne-au-Perche, Bell\u00eame, La Perri\u00e8re, Moutiers-au-Perche, Villeray<\/p>\n<p><strong>D\u00e9coration<\/strong><br \/>Cot\u00e9 Parc \u00e0 R\u00e9malard, l\u2019Atelier Couleur \u00e0 Ceton, la Maison d&rsquo;Horb\u00e9 \u00e0 La Perri\u00e8re, Chez Nous Campagne pr\u00e8s de Mortagne<\/p>\n<p><strong>\u00c9difices religieux<\/strong><br \/>Eglise Saint Paterne \u00e0 Bellou\/Huisne, Notre Dame de la Piti\u00e9 \u00e0 Longny les Villages, Notre Dame du Mont Harou \u00e0 Moutiers au Perche, Basilique Notre Dame \u00e0 La Chapelle Montligeon, Prieur\u00e9 de Ste Gauburge \u00e0 St Cyr la Rosi\u00e8re<\/p>\n<p><strong>Fermes de produits locaux\/bios<\/strong><br \/>Le Moulin de Vaujours (R\u00e9malard), Le pain de l\u2019Angenardi\u00e8re (Condeau), Une Ferme du Perche\u00a0 (R\u00e9veillon)<\/p>\n<p><strong>Galeries, Expositions, Artisans d\u2019Art<\/strong><br \/>Manoir de Pontgirard \u00e0 Monceau, Un Antiquaire une Photographe \u00e0 Mortagne, Manoir de Lormarin \u00e0 Noc\u00e9, LeCent8 \u00e0 Nogent le Rotrou<\/p>\n<p><strong>Jardins<\/strong><br \/>La Petite Rochelle \u00e0 R\u00e9malard, Le Jardin Fran\u00e7ois \u00e0 Pr\u00e9aux du Perche, La Bourdonni\u00e8re \u00e0 R\u00e9veillon, Jardins du Montperthuis \u00e0 Chemilli<\/p>\n<p><strong>Manoirs<\/strong><br \/>Manoir de Courboyer (Maison du Parc Naturel R\u00e9gional), Manoir de Pontgirard, Manoir de La Vove, Manoir de Lormarin, priv\u00e9s, \u00e0 voir de l&rsquo;ext\u00e9rieur<\/p>\n<p><strong>Mus\u00e9es<\/strong><br \/>Maison du Parc de Courboyer (Parc Naturel R\u00e9gional du Perche) \u00e0 Noc\u00e9, Ecomus\u00e9e du Perche \u00e0 St Cyr la Rosi\u00e8re, Mus\u00e9e Alain \u00e0 Mortagne, Mus\u00e9e de l&rsquo;Histoire du Perche \u00e0 Nogent le Rotrou (Ch\u00e2teau)<\/p>\n<p><strong>Restaurants<\/strong><\/p>\n<p>\u2666 Le Bistrot des Ecuries (Boissy-Maugis)<br \/>\u2666 En Gare (R\u00e9malard)<br \/>\u2666 D\u2019Une Ile (R\u00e9malard)<br \/>\u2666 Pousse avec ton pain (Boissy-Maugis)<br \/>\u2666 Le Bar des Amis (Boissy-Maugis)<br \/>\u2666 La Villa Fol Avril (Moutier-au-Perche)<br \/>\u2666 Apr\u00e8s l&rsquo;\u00e9cole (Saint-Cyr-la-Rosi\u00e8re)<br \/>\u2666 La Verticale (Bell\u00eame)<br \/>\u2666 la Croix d\u2019Or (Le Pin-la-Garenne)<br \/>\u2666 Le Tribunal (Mortagne-au-Perche)<\/p>\n<p>\u00a0<\/p>\n<p><strong>D\u00e9tente et Bien\u00a0<\/strong><b>\u00eatre<\/b><\/p>\n<p>UN TEMPS POUR SOI<\/p>\n<p>Sophrologie \/ Reiki \/ Renforcement musculaire<\/p>\n<p>avec <a href=\"https:\/\/dobrunetsophrologue.fr\/\">DO<\/a> sur rendez-vous au Clos Saint-Paterne<\/p>\n<p><b>Spas<\/b>:<\/p>\n<p>Cot\u00e9 Parc, \u00e0 R\u00e9malard (Spa Clarins)<\/p>\n<p>Spa Pom \u00e0 Villeray (sauna, hammam, soins, bassin de nage)<\/p>\n<p>La Belle du Perche \u00e0 Bellou (Institut de Beaut\u00e9)<\/p>\n\n\n<p><\/p>\n","protected":false},"excerpt":{"rendered":"<p>Dans un rayon de 5 \u00e0 15km \/ Within a range of 5 to 15km&#8230; Brocantes, AntiquairesLa Route des Brocanteurs \u00e0 Nogent le Rotrou (RN23), Brocantes et Antiquit\u00e9s \u00e0 Mortagne au Perche, Boutiques d\u00e9co et Artisanat d&rsquo;Art \u00e0 Bell\u00eame, Galerie et Brocante au Manoir de Lormarin \u00e0 Noc\u00e9 Ch\u00e2teaux et ParcsCh\u00e2teau des Comtes du Perche &hellip; <\/p>\n<p class=\"link-more\"><a href=\"https:\/\/clos-saintpaterne.com\/index.php\/culture-et-divertissements\/\" class=\"more-link\">Continuer la lecture<span class=\"screen-reader-text\"> de &laquo;&nbsp;Culture et divertissements&nbsp;&raquo;<\/span><\/a><\/p>\n","protected":false},"author":1,"featured_media":0,"parent":0,"menu_order":0,"comment_status":"closed","ping_status":"closed","template":"","meta":[],"_links":{"self":[{"href":"https:\/\/clos-saintpaterne.com\/index.php\/wp-json\/wp\/v2\/pages\/77"}],"collection":[{"href":"https:\/\/clos-saintpaterne.com\/index.php\/wp-json\/wp\/v2\/pages"}],"about":[{"href":"https:\/\/clos-saintpaterne.com\/index.php\/wp-json\/wp\/v2\/types\/page"}],"author":[{"embeddable":true,"href":"https:\/\/clos-saintpaterne.com\/index.php\/wp-json\/wp\/v2\/users\/1"}],"replies":[{"embeddable":true,"href":"https:\/\/clos-saintpaterne.com\/index.php\/wp-json\/wp\/v2\/comments?post=77"}],"version-history":[{"count":40,"href":"https:\/\/clos-saintpaterne.com\/index.php\/wp-json\/wp\/v2\/pages\/77\/revisions"}],"predecessor-version":[{"id":1411,"href":"https:\/\/clos-saintpaterne.com\/index.php\/wp-json\/wp\/v2\/pages\/77\/revisions\/1411"}],"wp:attachment":[{"href":"https:\/\/clos-saintpaterne.com\/index.php\/wp-json\/wp\/v2\/media?parent=77"}],"curies":[{"name":"wp","href":"https:\/\/api.w.org\/{rel}","templated":true}]}}